). Is z + 3 - (-7)/(14/2106) a prime number?
False
Suppose -c + 38672 = -28761 - 5985. Is c prime?
False
Let s(t) = -4*t**3 - 8*t**2 + 17*t. Let u(d) = -7*d**3 - 16*d**2 + 34*d. Let w(b) = -5*s(b) + 3*u(b). Let r be w(-14). Suppose 5*l - r - 1877 = 0. Is l prime?
True
Let z(s) = 29*s**2 - 11*s - 6. Let r be z(-14). Is r + 10/20*(9 - -1) prime?
False
Let u = 57 - 53. Suppose -63 = -0*n + 3*n - 3*t, -2*t = -u*n - 78. Let x(p) = -p**3 - 18*p**2 + 22. Is x(n) composite?
True
Suppose 3*g - 3 = -2*s + 6, -2*s = 2*g - 10. Suppose 2*l - 2*c = 16108, 32213 = -2*l + s*l - c. Is l composite?
False
Let z be (4 + (-4)/(-2))/(81/54). Suppose -4*g + z*k = -14576, 3*g - 3*k = 2*k + 10928. Is g composite?
True
Suppose -3*d = g - 54178, -4*g - 5*d + 57645 = -159088. Is g a prime number?
False
Suppose -4*p + 2*p - j = -23364, 2*p = -3*j + 23372. Suppose -5*v + 7650 = 5*q - 6935, 0 = 4*v + q - p. Is v prime?
False
Suppose 5*h + 30 = 5*v, v - 12*h + 8*h = 9. Suppose -f - 4*a + 3907 = 0, -926 = -f + v*a + 2981. Is f prime?
True
Let g(z) be the third derivative of 61*z**5/20 - z**4/3 + 7*z**3/3 + 164*z**2. Is g(3) a prime number?
True
Suppose -4*f = 3*q + 7, -f + 4*q = 9*q + 23. Suppose 0*m = 2*m + 4*y - 4686, 7009 = 3*m + f*y. Is m a prime number?
True
Suppose -15*c + c + 28 = 0. Suppose 4316 = -7*q + 9*q + 2*t, -c*q = -t - 4319. Is q prime?
False
Is (-1 - (-16)/12)/((125/4204455)/25) prime?
True
Is ((-2951395)/(-45))/((-11)/(-99)) prime?
True
Suppose 2*a + 5*i = 90471, 24*a - 27*a = i - 135700. Is a a prime number?
True
Suppose 6*g + 3*g - 79245 = 0. Suppose -5*m + 5*u - 10*u + g = 0, 5*m - 3*u = 8789. Is m a prime number?
True
Let h = -3657 - -2303. Let q = -939 - h. Is q prime?
False
Suppose 13*x - 1536800 = 2001845 + 1912489. Is x composite?
True
Let d = -33050 - -146557. Is d composite?
True
Suppose -3*r - 5*c + 10329 = -r, -25890 = -5*r + c. Suppose -5*x - r = -68622. Is x a prime number?
True
Let l(s) be the first derivative of -s**3/3 - 4*s**2 - 20*s + 16. Let i be l(-6). Is i/(-36) + 912/27 a composite number?
True
Is 524 + -542 + 695*553 a prime number?
True
Let q = 1814 - 433. Is q composite?
False
Let o = 30936 + -7819. Is o prime?
True
Suppose -2*j - 2 = 5*z, -z = z - 4*j - 4. Let x(w) = -w**2 + 10*w - 9. Let l be x(6). Suppose z = -19*q + l*q + 2708. Is q prime?
True
Suppose 3*x + 2*i = x + 78, 152 = 3*x - 4*i. Is (33/x)/(1*(-3)/(-3736)) a composite number?
True
Suppose c = -2*c - 5*w + 91001, -121352 = -4*c + 2*w. Is c a prime number?
False
Let m = -132 - -135. Suppose -4*h + m*a + 6838 = 2*a, h + 2*a = 1705. Is h prime?
True
Is 6 + -4 + -4 - (165/15 + -247382) a composite number?
False
Suppose 20*r - 153 - 987 = 0. Is r/((-501)/(-125) + -4) + 6 composite?
True
Let b = 31 - 26. Is (b - 42/6) + (-1759)/(-1) prime?
False
Let x = 40900 + 124387. Is x a prime number?
True
Suppose 3*w - 4*n - 954 = w, -n + 2363 = 5*w. Suppose 2*r - 3*u - 258 = w, 0 = 4*u - 20. Is r prime?
True
Let b = -2123 - -3856. Is b a prime number?
True
Is (-111)/481 + (-12809256)/(-234)*3 composite?
True
Suppose 610009 = -63*a + 4350760. Is a prime?
True
Let h(d) = -4*d**3 - 7*d**2 + 2*d + 2. Suppose 3*u + 5*z + 6 = 0, 2*u + 9 = 3*u - 2*z. Suppose 5*o - 6 = u*o + 4*y, -4*o - 4 = -4*y. Is h(o) a prime number?
True
Is (-1651)/3*(-273 - -270) a prime number?
False
Suppose 14807173 = 226*g - 77*g. Is g a prime number?
True
Suppose 891*f - 438*f = 439*f + 449876. Is f a composite number?
True
Let h = 30 - 30. Suppose 547 = -t - h*o + 4*o, -5*o + 1676 = -3*t. Let u = t + 944. Is u a prime number?
False
Suppose 13*a + 165 = 1387. Suppose 3*g + a = 253. Is g a composite number?
False
Suppose 6*j = 7*j - 30. Suppose -95 = 8*b - 311. Suppose 1623 = -b*t + j*t. Is t composite?
False
Let a(p) = 30836*p + 3013. Is a(9) a prime number?
True
Let r = 6587 + 1560. Is r a prime number?
True
Is ((0 - 1) + 3)/((-26)/(-226187)) a composite number?
True
Let r be (-115281)/15 + 4/40*4. Let i = r - -16228. Is i prime?
True
Let n = -1461 + 16624. Is n a prime number?
False
Let w be (-8)/(-10) - (-632)/(-40). Let r(g) = -2*g**2 - 31*g - 13. Let x be r(w). Suppose 3*d = i - x*d - 302, -i - d = -320. Is i a prime number?
True
Let q = 60 - 38. Let p(n) = 21 - 2 + 19 + q*n - 1. Is p(16) composite?
False
Suppose 214410 + 1208848 + 518430 = 8*s. Is s a composite number?
True
Let q = -2 + -6. Let l(i) = -123*i - 20. Let s be l(q). Suppose 2*x = s + 4062. Is x a prime number?
False
Let a(o) = o**3 + 3*o**2 - 3*o - 2. Let x be a(-2). Suppose -3 = x*q - 19. Is 3/q + (-1329)/(-6) a composite number?
False
Is ((-2)/6)/(28/24) + (-109461308)/(-1316) a prime number?
True
Suppose 60*s = 47*s + 8203. Let i = s + 8982. Is i prime?
True
Let r(p) = -2*p**2 + 29*p - 16. Let x be r(14). Let z(i) be the third derivative of -i**6/60 - i**5/60 - i**4/24 + i**3/6 - 3*i**2. Is z(x) prime?
False
Let m = 29 - 27. Let k be 0/(4*((-3)/1 + m)). Suppose 7*z - 9*z + 1270 = k. Is z prime?
False
Let p(v) = -6*v + 74. Let w be p(11). Suppose -7*x + w*x = 15427. Is x a composite number?
False
Let t be 2 - ((0 - -2) + (-2 - 2)). Suppose -2*n - 3*k - 2214 = -t*n, 5*n = 5*k + 5525. Is n prime?
False
Let q(a) = 1552*a + 1075. Is q(4) composite?
False
Suppose 28045 = -16*x - 10*x + 219899. Is x a composite number?
True
Suppose 241*h = 90*h + 39219683. Is h composite?
False
Suppose -5*t - 4*t - 2790 = 0. Let u = t - -1341. Is u composite?
False
Suppose 20*m + 1835 = 4895. Suppose -2504 = -h + m. Is h a prime number?
True
Is (-1260)/(-125) + (-44)/550 - -140211 a composite number?
False
Let c(v) = 150*v**3 + 2*v**2 - 26*v + 117. Is c(5) prime?
True
Suppose 0 = 3*x + 3*b - 3, 2*x + b - 3 - 2 = 0. Suppose -x*l = -7*l. Suppose -5*k - k + 1914 = l. Is k a prime number?
False
Let m(u) = -2*u**2 + 12*u - 11*u**2 + 3*u**3 + 25 - 2*u**3. Let y be 21 + 108/(-20) + (-2)/(-5). Is m(y) a prime number?
False
Let k be (132/8)/(3/308). Let m be -687*(0/(-2) - 1). Let f = k - m. Is f composite?
True
Let w(s) = 18983*s**2 - 32*s - 107. Is w(-4) a prime number?
True
Is (-7*4/(-168))/((-79666)/26556 + 3) prime?
True
Let y = 7 - 2. Suppose 0 = 3*b - 3*l + 4*l - 4612, 3*b - y*l = 4588. Let f = b - 1051. Is f a prime number?
False
Let s(c) = -2*c**2 - 9*c + 12. Let h(j) = -2*j**2 - 9*j + 14. Let f(y) = 2*h(y) - 3*s(y). Let v(t) = -2*t**2 - 9*t - 10. Let g be v(-5). Is f(g) composite?
False
Let t(b) = -b**3 + 19*b**2 - 19*b + 45. Let d be t(18). Suppose -285404 - 97591 = -d*m. Is m composite?
True
Suppose 18*r = 93006 + 75762. Suppose -r = -5*w - 491. Is w a prime number?
True
Suppose -4*z + 31073 = -5*q, 0*q + 2*q = -5*z + 38800. Let b = z + -5391. Is b composite?
False
Let q be (-8)/(-3) + (-1)/(-3) + 35. Suppose -6*y - q = -4*y. Is y*((-45)/(-3))/(-3) prime?
False
Let l(y) = -22*y**3 + y**2 + y - 2. Let i be l(-2). Suppose -2*f - i = -3*f. Let o = f - 27. Is o a prime number?
True
Is -1 - 8/(24/(-33)) - -884443 composite?
False
Let g be -2 + (-2 - 21) + 1. Let x be ((-1)/(-4))/((-2)/g). Suppose -x*c = -0*c - 477. Is c a composite number?
True
Let r(l) = -1600*l + 55. Let c be r(-9). Suppose -c - 44927 = -18*t. Is t prime?
True
Let z(w) = w**3 + 11*w**2 + 11*w - 14. Let a be z(-8). Suppose 5*r - a = -3*i, -5*i + 149 = -i - 3*r. Is i a prime number?
False
Let i(f) = 50270*f**2 - 53*f + 99. Is i(2) a prime number?
True
Let h = 25 - 16. Let g(l) = -l + 13. Let t be g(h). Suppose t*z = -d + 2758, z - 699 = -0*z - 5*d. Is z a composite number?
True
Let q be (-138)/(-8) + 6/8. Let r(u) = u**2 - 19*u + 22. Let o be r(q). Suppose -n = -o*b - 963, 4*n - 1163 - 2769 = -4*b. Is n a composite number?
True
Suppose 0 = 7*p - 26 - 44. Let k be ((-87)/15)/(p/(-50)). Suppose -23*t = -k*t + 414. Is t composite?
True
Let w be 2/5 - ((-1466)/10 - 7). Let f = -67 + w. Is f composite?
True
Suppose -152*p + 158*p - 24 = 0. Suppose -5*b + 10*b - p*n = 61247, -2*b = 3*n - 24485. Is b prime?
False
Let s be 70 - 2 - (4 - 1). Is 128271/s - 2/5 prime?
True
Let h(y) = 21774*y - 3241. Is h(10) prime?
True
Let u(q) be the third derivative of 2*q**5 + q**4/6 + 13*q**3/6 - 54*q**2. Is u(-2) a composite number?
True
Suppose 4 + 12 = 4*b. Let r be 1*b/4 + 6. Suppose -250 = -r*q + 583. Is q prime?
False
Let r be (-9)/12 + (-21)/4. Let j be (-2)/3 + 1 + (-118)/r. Suppose 0*b - 3*k = 2*b - 1603, 0 = -4*k 